{"id":54,"date":"2023-09-27T23:12:56","date_gmt":"2023-09-27T23:12:56","guid":{"rendered":"https:\/\/hercovka.cz\/www\/?page_id=54"},"modified":"2023-09-28T15:43:39","modified_gmt":"2023-09-28T15:43:39","slug":"kontakt","status":"publish","type":"page","link":"https:\/\/hercovka.cz\/www\/index-2\/kontakt\/","title":{"rendered":"Kontakt"},"content":{"rendered":"<p>[et_pb_section fb_built=&#8220;1&#8243; _builder_version=&#8220;4.22.2&#8243; _module_preset=&#8220;default&#8220; global_colors_info=&#8220;{}&#8220;][et_pb_row _builder_version=&#8220;4.22.2&#8243; _module_preset=&#8220;default&#8220; global_colors_info=&#8220;{}&#8220;][et_pb_column type=&#8220;4_4&#8243; _builder_version=&#8220;4.22.2&#8243; _module_preset=&#8220;default&#8220; global_colors_info=&#8220;{}&#8220;][et_pb_heading title=&#8220;KONTAKT&#8220; _builder_version=&#8220;4.22.2&#8243; _module_preset=&#8220;default&#8220; global_colors_info=&#8220;{}&#8220;][\/et_pb_heading][\/et_pb_column][\/et_pb_row][et_pb_row column_structure=&#8220;1_2,1_2&#8243; _builder_version=&#8220;4.22.2&#8243; _module_preset=&#8220;default&#8220; width=&#8220;65%&#8220; global_colors_info=&#8220;{}&#8220;][et_pb_column type=&#8220;1_2&#8243; _builder_version=&#8220;4.22.2&#8243; _module_preset=&#8220;default&#8220; global_colors_info=&#8220;{}&#8220;][et_pb_code _builder_version=&#8220;4.22.2&#8243; _module_preset=&#8220;default&#8220; global_colors_info=&#8220;{}&#8220;]<iframe loading=\"lazy\" src=\"https:\/\/www.google.com\/maps\/embed?pb=!1m18!1m12!1m3!1d2558.1039540320153!2d14.453362499999992!3d50.1217767!2m3!1f0!2f0!3f0!3m2!1i1024!2i768!4f13.1!3m3!1m2!1s0x470beb46f4003141%3A0xbb85de051b41e32!2sTrojsk%C3%A1+1199%2F7%2C+182+00+Praha-Praha+8!5e0!3m2!1scs!2scz!4v1438439177237\" width=\"400\" height=\"300\" frameborder=\"0\" style=\"border:0\" allowfullscreen><\/iframe>[\/et_pb_code][\/et_pb_column][et_pb_column type=&#8220;1_2&#8243; _builder_version=&#8220;4.22.2&#8243; _module_preset=&#8220;default&#8220; global_colors_info=&#8220;{}&#8220;][et_pb_text _builder_version=&#8220;4.22.2&#8243; _module_preset=&#8220;default&#8220; custom_padding=&#8220;0px|||||&#8220; global_colors_info=&#8220;{}&#8220;]<\/p>\n<p><strong>Kde n\u00e1s najdete?<\/strong><\/p>\n<p>Trojsk\u00e1 1199\/7<br \/>Kobylisy<br \/>Praha 8<br \/>182 00<\/p>\n<p><strong>Jak se k n\u00e1m dostanete?<\/strong><\/p>\n<p>Kade\u0159nictv\u00ed Hercovka se nach\u00e1z\u00ed hned u tramvajov\u00e9 zast\u00e1vky Hercovka, tramvaj \u010d\u00edslo 17.Nebo 5 minut ch\u016fze od metra Kobylisy sm\u011br Salesi\u00e1nsk\u00e9 divadlo<\/p>\n<p>[\/et_pb_text][\/et_pb_column][\/et_pb_row][et_pb_row _builder_version=&#8220;4.22.2&#8243; _module_preset=&#8220;default&#8220; global_colors_info=&#8220;{}&#8220;][et_pb_column type=&#8220;4_4&#8243; _builder_version=&#8220;4.22.2&#8243; _module_preset=&#8220;default&#8220; global_colors_info=&#8220;{}&#8220;][et_pb_divider _builder_version=&#8220;4.22.2&#8243; _module_preset=&#8220;default&#8220; global_colors_info=&#8220;{}&#8220;][\/et_pb_divider][\/et_pb_column][\/et_pb_row][et_pb_row _builder_version=&#8220;4.22.2&#8243; _module_preset=&#8220;default&#8220; global_colors_info=&#8220;{}&#8220;][et_pb_column type=&#8220;4_4&#8243; _builder_version=&#8220;4.22.2&#8243; _module_preset=&#8220;default&#8220; global_colors_info=&#8220;{}&#8220;][et_pb_text _builder_version=&#8220;4.22.2&#8243; _module_preset=&#8220;default&#8220; hover_enabled=&#8220;0&#8243; global_colors_info=&#8220;{}&#8220; sticky_enabled=&#8220;0&#8243;]<\/p>\n<p style=\"text-align: center;\"><strong>Jak se objednat?<\/strong><\/p>\n<p style=\"text-align: center;\"><strong>Sta\u010d\u00ed zavolat na telefon 604 707 177 nebo se osobn\u011b objednat p\u0159\u00edmo v kade\u0159nictv\u00ed.<\/strong><\/p>\n<p style=\"text-align: center;\"><strong>Otev\u00edrac\u00ed doba: Pond\u011bl\u00ed &#8211; P\u00e1tek na objedn\u00e1n\u00ed.<\/strong><\/p>\n<p style=\"text-align: center;\"><strong>T\u011b\u0161\u00edme se na V\u00e1s<\/strong><\/p>\n<p>&nbsp;<\/p>\n<p style=\"text-align: center;\"><strong>Ivana Klohnov\u00e1<\/strong>\u00a0\u00a0 I\u010c: 7161 5776<\/p>\n<p style=\"text-align: center;\"><strong>Dana Mi\u0161kovsk\u00e1<\/strong>\u00a0\u00a0 I\u010c: 4251 0813<\/p>\n<p>[\/et_pb_text][\/et_pb_column][\/et_pb_row][\/et_pb_section]<\/p>\n","protected":false},"excerpt":{"rendered":"<p>Kde n\u00e1s najdete? Trojsk\u00e1 1199\/7KobylisyPraha 8182 00 Jak se k n\u00e1m dostanete? Kade\u0159nictv\u00ed Hercovka se nach\u00e1z\u00ed hned u tramvajov\u00e9 zast\u00e1vky Hercovka, tramvaj \u010d\u00edslo 17.Nebo 5 minut ch\u016fze od metra Kobylisy sm\u011br Salesi\u00e1nsk\u00e9 divadloJak se objednat? Sta\u010d\u00ed zavolat na telefon 604 707 177 nebo se osobn\u011b objednat p\u0159\u00edmo v kade\u0159nictv\u00ed. Otev\u00edrac\u00ed doba: Pond\u011bl\u00ed &#8211; P\u00e1tek na [&hellip;]<\/p>\n","protected":false},"author":1,"featured_media":0,"parent":66,"menu_order":1,"comment_status":"closed","ping_status":"closed","template":"","meta":{"_et_pb_use_builder":"on","_et_pb_old_content":"","_et_gb_content_width":"","footnotes":""},"class_list":["post-54","page","type-page","status-publish","hentry"],"_links":{"self":[{"href":"https:\/\/hercovka.cz\/www\/wp-json\/wp\/v2\/pages\/54","targetHints":{"allow":["GET"]}}],"collection":[{"href":"https:\/\/hercovka.cz\/www\/wp-json\/wp\/v2\/pages"}],"about":[{"href":"https:\/\/hercovka.cz\/www\/wp-json\/wp\/v2\/types\/page"}],"author":[{"embeddable":true,"href":"https:\/\/hercovka.cz\/www\/wp-json\/wp\/v2\/users\/1"}],"replies":[{"embeddable":true,"href":"https:\/\/hercovka.cz\/www\/wp-json\/wp\/v2\/comments?post=54"}],"version-history":[{"count":20,"href":"https:\/\/hercovka.cz\/www\/wp-json\/wp\/v2\/pages\/54\/revisions"}],"predecessor-version":[{"id":240,"href":"https:\/\/hercovka.cz\/www\/wp-json\/wp\/v2\/pages\/54\/revisions\/240"}],"up":[{"embeddable":true,"href":"https:\/\/hercovka.cz\/www\/wp-json\/wp\/v2\/pages\/66"}],"wp:attachment":[{"href":"https:\/\/hercovka.cz\/www\/wp-json\/wp\/v2\/media?parent=54"}],"curies":[{"name":"wp","href":"https:\/\/api.w.org\/{rel}","templated":true}]}}